{"id":2786,"date":"2021-05-17T16:09:28","date_gmt":"2021-05-17T16:09:28","guid":{"rendered":"https:\/\/hotel-hirsch-prediger.de\/?page_id=2786"},"modified":"2022-04-27T08:45:47","modified_gmt":"2022-04-27T08:45:47","slug":"silvester","status":"publish","type":"page","link":"https:\/\/hotel-hirsch-prediger.de\/?page_id=2786","title":{"rendered":"Silvester"},"content":{"rendered":"\t\t<div data-elementor-type=\"wp-page\" data-elementor-id=\"2786\" class=\"elementor elementor-2786\" data-elementor-post-type=\"page\">\n\t\t\t\t\t\t<section class=\"elementor-section elementor-top-section elementor-element elementor-element-362eb483 elementor-section-stretched elementor-section-boxed elementor-section-height-default elementor-section-height-default\" data-id=\"362eb483\" data-element_type=\"section\" data-e-type=\"section\" data-settings=\"{&quot;background_background&quot;:&quot;classic&quot;,&quot;stretch_section&quot;:&quot;section-stretched&quot;}\">\n\t\t\t\t\t\t\t<div class=\"elementor-background-overlay\"><\/div>\n\t\t\t\t\t\t\t<div class=\"elementor-container elementor-column-gap-default\">\n\t\t\t\t\t<div class=\"elementor-column elementor-col-100 elementor-top-column elementor-element elementor-element-56db19cc\" data-id=\"56db19cc\" data-element_type=\"column\" data-e-type=\"column\">\n\t\t\t<div class=\"elementor-widget-wrap elementor-element-populated\">\n\t\t\t\t\t\t<div class=\"elementor-element elementor-element-6577d63d elementor-widget elementor-widget-heading\" data-id=\"6577d63d\" data-element_type=\"widget\" data-e-type=\"widget\" data-widget_type=\"heading.default\">\n\t\t\t\t<div class=\"elementor-widget-container\">\n\t\t\t\t\t<h1 class=\"elementor-heading-title elementor-size-default\">Silvester<\/h1>\t\t\t\t<\/div>\n\t\t\t\t<\/div>\n\t\t\t\t\t<\/div>\n\t\t<\/div>\n\t\t\t\t\t<\/div>\n\t\t<\/section>\n\t\t\t\t<section class=\"elementor-section elementor-top-section elementor-element elementor-element-1df29a2d elementor-section-stretched elementor-section-boxed elementor-section-height-default elementor-section-height-default\" data-id=\"1df29a2d\" data-element_type=\"section\" data-e-type=\"section\" data-settings=\"{&quot;stretch_section&quot;:&quot;section-stretched&quot;}\">\n\t\t\t\t\t\t<div class=\"elementor-container elementor-column-gap-default\">\n\t\t\t\t\t<div class=\"elementor-column elementor-col-66 elementor-top-column elementor-element elementor-element-753ac996\" data-id=\"753ac996\" data-element_type=\"column\" data-e-type=\"column\">\n\t\t\t<div class=\"elementor-widget-wrap elementor-element-populated\">\n\t\t\t\t\t\t<div class=\"elementor-element elementor-element-453b1781 elementor-arrows-position-inside elementor-widget elementor-widget-image-carousel\" data-id=\"453b1781\" data-element_type=\"widget\" data-e-type=\"widget\" data-settings=\"{&quot;slides_to_show&quot;:&quot;1&quot;,&quot;navigation&quot;:&quot;arrows&quot;,&quot;autoplay&quot;:&quot;yes&quot;,&quot;pause_on_hover&quot;:&quot;yes&quot;,&quot;pause_on_interaction&quot;:&quot;yes&quot;,&quot;autoplay_speed&quot;:5000,&quot;infinite&quot;:&quot;yes&quot;,&quot;effect&quot;:&quot;slide&quot;,&quot;speed&quot;:500}\" data-widget_type=\"image-carousel.default\">\n\t\t\t\t<div class=\"elementor-widget-container\">\n\t\t\t\t\t\t\t<div class=\"elementor-image-carousel-wrapper swiper\" role=\"region\" aria-roledescription=\"carousel\" aria-label=\"Bild Karussell\" dir=\"ltr\">\n\t\t\t<div class=\"elementor-image-carousel swiper-wrapper swiper-image-stretch\" aria-live=\"off\">\n\t\t\t\t\t\t\t\t<div class=\"swiper-slide\" role=\"group\" aria-roledescription=\"slide\" aria-label=\"1 von 1\"><a data-elementor-open-lightbox=\"yes\" data-elementor-lightbox-slideshow=\"453b1781\" data-elementor-lightbox-title=\"Veranstaltung1\" data-e-action-hash=\"#elementor-action%3Aaction%3Dlightbox%26settings%3DeyJpZCI6MzIyOSwidXJsIjoiaHR0cHM6XC9cL2hvdGVsLWhpcnNjaC1wcmVkaWdlci5kZVwvd3AtY29udGVudFwvdXBsb2Fkc1wvMjAyMVwvMDVcL1ZlcmFuc3RhbHR1bmcxLXNjYWxlZC5qcGciLCJzbGlkZXNob3ciOiI0NTNiMTc4MSJ9\" href=\"https:\/\/hotel-hirsch-prediger.de\/wp-content\/uploads\/2021\/05\/Veranstaltung1-scaled.jpg\"><figure class=\"swiper-slide-inner\"><img decoding=\"async\" class=\"swiper-slide-image\" src=\"https:\/\/hotel-hirsch-prediger.de\/wp-content\/uploads\/2021\/05\/Veranstaltung1-scaled.jpg\" alt=\"Veranstaltung1\" \/><\/figure><\/a><\/div>\t\t\t<\/div>\n\t\t\t\t\t<\/div>\n\t\t\t\t\t\t<\/div>\n\t\t\t\t<\/div>\n\t\t\t\t<div class=\"elementor-element elementor-element-1475de2a elementor-widget elementor-widget-heading\" data-id=\"1475de2a\" data-element_type=\"widget\" data-e-type=\"widget\" data-widget_type=\"heading.default\">\n\t\t\t\t<div class=\"elementor-widget-container\">\n\t\t\t\t\t<h2 class=\"elementor-heading-title elementor-size-default\">Silvester<\/h2>\t\t\t\t<\/div>\n\t\t\t\t<\/div>\n\t\t\t\t<div class=\"elementor-element elementor-element-34eda2d2 elementor-widget elementor-widget-text-editor\" data-id=\"34eda2d2\" data-element_type=\"widget\" data-e-type=\"widget\" data-widget_type=\"text-editor.default\">\n\t\t\t\t<div class=\"elementor-widget-container\">\n\t\t\t\t\t\t\t\t\t<p>Silvester<\/p><p>Auch in diesem Jahr k\u00f6nnen Sie und Ihre Freunde den Jahreswechsel bei uns im<span class=\"Apple-converted-space\">\u00a0<\/span><\/p><p>Hotel &amp; Restaurant &#8222;Zum Hirsch&#8220; erleben.<\/p><p>Wir bieten Ihnen dieses Jahr unser spezielles\u00a0Silvester-Angebot f\u00fcr nur 435\u20ac p.P.<\/p><p>Anreise 30.12.-02.01.2023<\/p><p>\u00a0&#8211; 3 x \u00dcbernachtung<\/p><p>\u00a0&#8211; am Anreiseabend \u00dcberraschungs &#8222;Act&#8220;<\/p><p>\u00a0&#8211; 2 x Fr\u00fchst\u00fccksbuffet inkl. Kaffeespezialit\u00e4ten (Coffee to go am Morgen)<\/p><p>\u00a0&#8211; 1 x Katerfr\u00fchst\u00fcck am 01.01.2023 bis 11.30 Uhr<\/p><p>\u00a0&#8211; 2 x Abendessen mit Th\u00fcringer Spezialit\u00e4ten (3 Gang-Men\u00fc), kleines Salatb\u00fcffet<\/p><p>\u00a0&#8211; 1 x Silvester-Gala-Men\u00fc \/ oder Gala B\u00fcffet inkl. Aperitif<\/p><p>\u00a0&#8211; inkl. Tanzmusik (Live), Feuerwerk<\/p><p>\u00a0&#8211; 1 x Mitternachtssnack (B\u00fcffet) am Silvesterabend<\/p><p>\u00a0&#8211; 1 x Flasche Mineralwasser pro Aufenthalt auf dem Zimmer<\/p><p>\u00a0&#8211; inkl. Parkplatz (je nach Verf\u00fcgbarkeit)<\/p><p>\u00a0&#8211; inkl. Info-Material &amp; Stadtplan<\/p><p>\u00a0&#8211; inkl. Museumsbesuch mit F\u00fchrung im Schlo\u00df Gl\u00fccksburg in R\u00f6mhild<\/p><p>\u00a0&#8211; inkl. Zuchthausmuseum mit F\u00fchrung in Oberma\u00dffeld (eigene Anfahrt)<\/p><p>\u00a0&#8211; kleiner deftiger Mittags-Imbiss am 31.12.<\/p><p>\u00a0&#8211; freie W-Lan Nutzung, Tageszeitung<\/p><p>Nat\u00fcrlich k\u00f6nnen Sie gerne Ihren Aufenthalt in R\u00f6mhild selbst gestalten was wir am Abend der Anreise absprechen werden. Wenn es Ihnen bei uns gef\u00e4llt und Sie noch weitere Tage bei uns verbringen m\u00f6chten, dann k\u00f6nnen sie selbstverst\u00e4ndlich Ihren Aufenthalt verl\u00e4ngern.<\/p><p>Preise sind oben rechts genannt. Sollten Sie andere W\u00fcnsche oder Fragen haben rufen Sie uns an oder setzen Sie sich einfach \u00fcber unser Anfrage-Formular mit uns in Verbindung.<\/p><p>Wir w\u00fcrden uns freuen, Sie als G\u00e4ste zur Jahreswende begr\u00fc\u00dfen zu d\u00fcrfen.<\/p><p>Ihre Fam. Prediger &amp; Team<\/p>\t\t\t\t\t\t\t\t<\/div>\n\t\t\t\t<\/div>\n\t\t\t\t<div class=\"elementor-element elementor-element-4ead06c6 elementor-mobile-align-justify elementor-widget elementor-widget-button\" data-id=\"4ead06c6\" data-element_type=\"widget\" data-e-type=\"widget\" data-widget_type=\"button.default\">\n\t\t\t\t<div class=\"elementor-widget-container\">\n\t\t\t\t\t\t\t\t\t<div class=\"elementor-button-wrapper\">\n\t\t\t\t\t<a class=\"elementor-button elementor-button-link elementor-size-sm elementor-animation-shrink\" href=\"https:\/\/hotel-hirsch-prediger.de\/?page_id=2792\">\n\t\t\t\t\t\t<span class=\"elementor-button-content-wrapper\">\n\t\t\t\t\t\t\t\t\t<span class=\"elementor-button-text\">Jetzt Buchungsanfrage stellen!<\/span>\n\t\t\t\t\t<\/span>\n\t\t\t\t\t<\/a>\n\t\t\t\t<\/div>\n\t\t\t\t\t\t\t\t<\/div>\n\t\t\t\t<\/div>\n\t\t\t\t\t<\/div>\n\t\t<\/div>\n\t\t\t\t<div class=\"elementor-column elementor-col-33 elementor-top-column elementor-element elementor-element-136ef30b\" data-id=\"136ef30b\" data-element_type=\"column\" data-e-type=\"column\">\n\t\t\t<div class=\"elementor-widget-wrap\">\n\t\t\t\t\t\t\t<\/div>\n\t\t<\/div>\n\t\t\t\t\t<\/div>\n\t\t<\/section>\n\t\t\t\t<\/div>\n\t\t","protected":false},"excerpt":{"rendered":"<p>Silvester Silvester Auch in diesem Jahr k\u00f6nnen Sie und Ihre Freunde den Jahreswechsel bei uns im\u00a0 Hotel &amp; Restaurant &#8222;Zum Hirsch&#8220; erleben. Wir bieten Ihnen dieses Jahr unser spezielles\u00a0Silvester-Angebot f\u00fcr nur 435\u20ac p.P. Anreise 30.12.-02.01.2023 \u00a0&#8211; 3 x \u00dcbernachtung \u00a0&#8211; am Anreiseabend \u00dcberraschungs &#8222;Act&#8220; \u00a0&#8211; 2 x Fr\u00fchst\u00fccksbuffet inkl. Kaffeespezialit\u00e4ten (Coffee to go am Morgen)&hellip; <a class=\"more-link\" href=\"https:\/\/hotel-hirsch-prediger.de\/?page_id=2786\"><span class=\"screen-reader-text\">Silvester<\/span> weiterlesen<\/a><\/p>\n","protected":false},"author":1,"featured_media":0,"parent":0,"menu_order":0,"comment_status":"closed","ping_status":"closed","template":"","meta":{"footnotes":""},"class_list":["post-2786","page","type-page","status-publish","hentry","entry"],"_links":{"self":[{"href":"https:\/\/hotel-hirsch-prediger.de\/index.php?rest_route=\/wp\/v2\/pages\/2786","targetHints":{"allow":["GET"]}}],"collection":[{"href":"https:\/\/hotel-hirsch-prediger.de\/index.php?rest_route=\/wp\/v2\/pages"}],"about":[{"href":"https:\/\/hotel-hirsch-prediger.de\/index.php?rest_route=\/wp\/v2\/types\/page"}],"author":[{"embeddable":true,"href":"https:\/\/hotel-hirsch-prediger.de\/index.php?rest_route=\/wp\/v2\/users\/1"}],"replies":[{"embeddable":true,"href":"https:\/\/hotel-hirsch-prediger.de\/index.php?rest_route=%2Fwp%2Fv2%2Fcomments&post=2786"}],"version-history":[{"count":29,"href":"https:\/\/hotel-hirsch-prediger.de\/index.php?rest_route=\/wp\/v2\/pages\/2786\/revisions"}],"predecessor-version":[{"id":3437,"href":"https:\/\/hotel-hirsch-prediger.de\/index.php?rest_route=\/wp\/v2\/pages\/2786\/revisions\/3437"}],"wp:attachment":[{"href":"https:\/\/hotel-hirsch-prediger.de\/index.php?rest_route=%2Fwp%2Fv2%2Fmedia&parent=2786"}],"curies":[{"name":"wp","href":"https:\/\/api.w.org\/{rel}","templated":true}]}}